33?
-1a
In base 10, what is -63 + 9?
-54
In base 12, what is -633 + -4?
-637
In base 8, what is -605 + 2?
-603
In base 10, what is 519 - -9?
528
In base 2, what is 101001000 + -10?
101000110
In base 9, what is -157 - -5?
-152
In base 7, what is -145 - 2?
-150
In base 7, what is -514 + 25?
-456
In base 2, what is 1011011 - 10010?
1001001
In base 13, what is -1 - -6?
5
In base 5, what is 3 - 4102?
-4044
In base 4, what is 0 - -23?
23
In base 5, what is -332 - -202?
-130
In base 12, what is -5 - -34?
2b
In base 12, what is -3 - -239?
236
In base 8, what is 62 - -17?
101
In base 13, what is 148c7 - -1?
148c8
In base 9, what is 5515 - 2?
5513
In base 3, what is 112000001 - 10?
111222221
In base 4, what is 1 - 2022?
-2021
In base 7, what is -300 - 412?
-1012
In base 12, what is -2 + -2b3?
-2b5
In base 6, what is -10 - 123?
-133
In base 12, what is -178b - -3?
-1788
In base 3, what is 10112 + 200?
11012
In base 7, what is -5 + 21?
13
In base 11, what is -a + 9a?
90
In base 12, what is -5 + a3?
9a
In base 11, what is 4 + -206?
-202
In base 12, what is 91 + 81?
152
In base 3, what is 10 + -22?
-12
In base 5, what is -112 + -30?
-142
In base 2, what is 10 + 1000000?
1000010
In base 11, what is 6 - -34?
3a
In base 12, what is -35 + 67?
32
In base 9, what is -248 + 3?
-245
In base 11, what is 181 + -1?
180
In base 6, what is 13 - 103?
-50
In base 14, what is 728 + 5?
72d
In base 11, what is -3 + -138?
-140
In base 7, what is 401 + -3?
365
In base 2, what is 11000 + -1?
10111
In base 11, what is -665a + 5?
-6655
In base 11, what is 187 - 1?
186
In base 7, what is 3 - 50?
-44
In base 11, what is 265 - -5?
26a
In base 14, what is -17 + 12?
-5
In base 8, what is -4 - -20?
14
In base 7, what is 1656 + 1?
1660
In base 6, what is 12 + -1304?
-1252
In base 6, what is 200 + 35?
235
In base 13, what is -52 - 22?
-74
In base 9, what is -18 - 124?
-143
In base 9, what is 1 + -423?
-422
In base 6, what is 122 + 3?
125
In base 6, what is 121 - 4?
113
In base 16, what is -1d55 + -1?
-1d56
In base 12, what is -3 - -1b?
18
In base 8, what is -15 - 64?
-101
In base 2, what is 0 + 1110110?
1110110
In base 6, what is 120 + -220?
-100
In base 5, what is -2341 + 4?
-2332
In base 13, what is -9 + 297?
28b
In base 9, what is 631 + -3?
627
In base 6, what is 54 + -122?
-24
In base 14, what is 5 - -a75?
a7a
In base 11, what is -1621 + -2?
-1623
In base 2, what is -111010111 - 1110?
-111100101
In base 4, what is 1 - 21322?
-21321
In base 4, what is 12 - 12102?
-12030
In base 12, what is -35 - -83?
4a
In base 11, what is 45 - 51?
-7
In base 13, what is 11 - -11?
22
In base 9, what is -5 - -154?
148
In base 6, what is -3054 + -10?
-3104
In base 4, what is -20302 + 10?
-20232
In base 12, what is -859 - 0?
-859
In base 8, what is 13 - 3?
10
In base 14, what is 0 - 137?
-137
In base 3, what is 122110 + 11?
122121
In base 15, what is 5 - -6?
b
In base 10, what is 21 + -144?
-123
In base 5, what is 240313 - 10?
240303
In base 10, what is 4 - -345?
349
In base 14, what is -10 + 320?
310
In base 16, what is 2 - 6a7?
-6a5
In base 16, what is 3 - 10e?
-10b
In base 10, what is -13051 + 2?
-13049
In base 16, what is 5 - 9ea?
-9e5
In base 13, what is 5 + b63?
b68
In base 5, what is 20 - 23?
-3
In base 16, what is -2 - 55?
-57
In base 15, what is 4 + -b3?
-ae
In base 3, what is -12 - 2010221?
-2011010
In base 10, what is -6 - -33?
27
In base 2, what is -10101100 - 1010?
-10110110
In base 7, what is -101 - 14?
-115
In base 14, what is -345 - -5?
-340
In base 10, what is -100 + -142?
-242
In base 13, what is 91c + -5?
917
In base 11, what is 0 - 16?
-16
In base 15, what is -22b - -5?
-226
In base 11, what is 160 + -5?
156
In base 4, what is 12 + -2012?
-2000
In base 10, what is -477 - -2?
-475
In base 9, what is 347 - 4?
343
In base 6, what is 33243 + 2?
33245
In base 15, what is 7ec - -1?
7ed
In base 8, what is -1 + 146?
145
In base 8, what is 5 - -55?
62
In base 12, what is 3034 + -5?
302b
In base 7, what is -1 - -3342?
3341
In base 5, what is -201 + -10?
-211
In base 15, what is -5 - eb?
-101
In base 11, what is 4 + 57?
60
In base 14, what is 15 - -2?
17
In base 2, what is -1100111 - 100?
-1101011
In base 8, what is -307 - 4?
-313
In base 12, what is -3 - 104?
-107
In base 2, what is -110111001111 + -1?
-110111010000
In base 6, what is -11311 + -4?
-11315
In base 6, what is 11 - -21?
32
In base 11, what is -263 + 5?
-259
In base 3, what is 1001010 - 10?
1001000
In base 6, what is -25 + 13?
-12
In base 7, what is 1643 - -3?
1646
In base 14, what is -6 + -3a?
-42
In base 16, what is 3 + -24?
-21
In base 12, what is -2 + -668?
-66a
In base 11, what is -582 + 3?
-57a
In base 4, what is -203131 + 10?
-203121
In base 11, what is 8 - -18?
25
In base 3, what is 101 - 1202?
-1101
In base 6, what is 121 + 3?
124
In base 8, what is -1 - 224?
-225
In base 2, what is -101 + 11100011?
11011110
In base 12, what is -2 - a76?
-a78
In base 11, what is 6 - -28?
33
In base 7, what is -135 - -21?
-114
In base 3, what is -10 + -122?
-202
In base 10, what is 3 + 134?
137
In base 5, what is 3 - -22?
30
In base 3, what is 0 - -1210?
1210
In base 9, what is -18 - 0?
-18
In base 9, what is 1 + -302?
-301
In base 9, what is -1008 - -5?
-1003
In base 6, what is -2215 - 3?
-2222
In base 15, what is -5 - 43?
-48
In base 4, what is -3 + 120?
111
In base 15, what is -44 - -ca?
86
In base 13, what is -80 - 2?
-82
In base 4, what is -13332 + -3?
-20001
In base 12, what is 696 + -1?
695
In base 2, what is -1 - -10011011?
10011010
In base 11, what is -40 + 46?
6
In base 5, what is 32 + -44?
-12
In base 13, what is -1 - 3a3c?
-3a40
In base 13, what is -2a0 - -5?
-298
In base 11, what is 221 - 4?
218
In base 7, what is 5 + 1062?
1100
In base 5, what is -1 + 20224?
20223
In base 14, what is 3 - -35?
38
In base 4, what is -2311 + -3?
-2320
In base 6, what is 3 + 20?
23
In base 12, what is -4 + -118?
-120
In base 16, what is 56 - -1?
57
In base 12, what is 3 - 2ba?
-2b7
In base 8, what is -6166 - -4?
-6162
In base 13, what is -7 + -342?
-349
In base 2, what is -1010110111101 + 100?
-1010110111001
In base 4, what is 101 + -3?
32
In base 9, what is 3 + -13?
-10
In base 6, what is 10114 - -1?
10115
In base 16, what is -7 + 4?
-3
In base 14, what is -3534 - 3?
-3537
In base 2, what is 1010011010000 + 1?
1010011010001
In base 11, what is -2 + -70?
-72
In base 11, what is -21 + -16?
-37
In base 11, what is -48 - 40?
-88
In base 13, what is -91 - 0?
-91
In base 15, what is 0 - -1299?
1299
In base 9, what is -45 + 47?
2
In base 9, what is -1 + -710?
-711
In base 16, what is 16 - 17?
-1
In base 2, what is 1 - 1?
0
In base 16, what is -3 + 1484?
1481
In base 16, what is 1ef3 - 0?
1ef3
In base 3, what is 100002111 - 10?
100002101
In base 11, what is 2 - 28?
-26
In base 9, what is -4 - 10?
-14
In base 2, what is 1000110000110 - 1?
1000110000101
In base 2, what is 1001110001 + -1?
1001110000
In base 6, what is -402 - 2?
-404
In base 13, what is -4 + 34?
30
In base 8, what is -107 + 1?
-106
In base 16, what is -2 + -10?
-12
In base 2, what is -10111011000 - -101?
-10111010011
In base 2, what is 100110 - -110101101?
111010011
In base 7, what is -243 + 6?
-234
In base 13, what is -15 - -8?
-a
In base 11, what is 19 - 30?
-12
In base 5, what is 1323 - -4?
1332
In base 15, what is 13 + -8?
a
In base 12, what is 3a - -3b?
79
In base 16, what is 4 + -151?
-14d
In base 15, what is 484 + 0?
484
In base 7, what is 2 - 65?
-63
In base 7, what is -2 + 102?
100
In base 14, what is 3 - d?
-a
In base 8, what is 354 + -5?
347
In base 5, what is -444 + 2?
-442
In base 12, what is -1b + 7?
-14
In base 3, what is 112012212 - -10?
112012222
In base 5, what is 0 + 10133?
10133
In base 7, what is -1 - -323?
322
In base 5, what is -3110 + 0?
-3110
In base 15, what is -22 - 5?
-27
In base 2, what is 10 - -1001010111?
1001011001
In base 11, what is 2426 - 7?
241a
In base 5, what is 2 + 2142?
2144
In base 13, what is -51 - -2b?
-23
In base 8, what is -40 - -2?
-36
In base 15, what is -3b - 1?
-3c
In base 9, what is 48 - -11?
60
In base 9, what is 85 + 7?
103
In base 4, what is -12032 - 11?
-12103
In base 8, what is 34 - -13?
47
In base 10, what is 5 + -4840?
-4835
In base 2, what is -11001 + -1?
-11010
In base 8, what is -4 + -10102?
-10106
In base 5, what is 0 - -410?
